ist the prime factors of c(7).
2, 107
Suppose -14 = -6*b + 34. Suppose l + l = b. Suppose 0 = 2*u + l*w - 72, w + 126 = 3*u + u. What are the prime factors of u?
2
Let u(g) = -5*g**2 + 5*g - 15. Let m(q) = -q + 1. Let j(d) = -10*m(d) - u(d). Suppose 27 = -25*b - 48. List the prime factors of j(b).
5, 7
Let d(o) = -o**2 - 2*o + 2. Let t be d(-2). Suppose t*a + 41 = 13. Let i = a + 90. List the prime factors of i.
2, 19
Suppose 5*a + v + 2029 = 33013, -2*v + 30978 = 5*a. What are the prime factors of a?
2, 3, 1033
Suppose 16*v = 10*v + 4518. Let s = -445 + v. List the prime factors of s.
2, 7, 11
Let i(r) = -20310*r - 1831. What are the prime factors of i(-2)?
79, 491
Let j(l) = -l**3 + 19*l**2 - 8*l - 20. Let r be j(18). Let x = 294 - r. Let v = x - 7. List the prime factors of v.
127
Let z(w) = -3*w**3 + 11*w**2 - 3*w + 1. Let y be z(4). Let s = 29 + y. Suppose 296 = 4*q + 5*j, -s*j + 9 = 1. What are the prime factors of q?
3, 23
Let g(y) = -466*y - 232. Let a(h) = 93*h + 46. Let q(m) = 14*a(m) + 3*g(m). What are the prime factors of q(-5)?
2, 107
Let c(i) = 2061*i**3 - i**2 + 19*i - 18. What are the prime factors of c(1)?
3, 229
Let d(h) = -h**2 + 17*h + 2. Let w be d(17). Suppose -6*v + w*v = 64. What are the prime factors of (-2 - 3*-45) + v/4?
3, 43
Let f = 12371 - 899. List the prime factors of f.
2, 3, 239
Suppose -6*s + 5*s + 9 = 0. Let u(g) be the third derivative of g**4/2 + 11*g**3/3 - 41*g**2. List the prime factors of u(s).
2, 5, 13
Let d = -4 - -6. Suppose d*k + 1 = 3*q - 0, -5*k + q = -17. Suppose k*s - 48 = 12. What are the prime factors of s?
3, 5
Let y = 118874 + -69622. What are the prime factors of y?
2, 7, 1759
Let g(m) = -14*m**2 + m**3 + 145*m - 221*m - 11 + 126*m. List the prime factors of g(16).
1301
Let f be (4/(-6) - -2) + (-18)/(-27). Suppose l - 468 = 3*g, 2*l - g + f*g = 929. What are the prime factors of l?
3, 5, 31
Let a(f) = -f**3 - 100*f**2 + 253*f + 920. List the prime factors of a(-105).
2, 5, 11, 67
Let l(y) = 21*y**2 + 135*y + 293. What are the prime factors of l(-18)?
13, 359
Let x(g) be the third derivative of g**5/60 + g**4/4 + 4*g**3 - 75*g**2. What are the prime factors of x(-13)?
5, 23
Let a(w) = 4*w - 2*w - 2 - 4*w + 2*w**2 - w**3 + 6. Let f be a(2). List the prime factors of (-1 + -2 - f) + 0 + 17.
2, 7
Let r be (-165)/15 - (-626 + 3). Let i = 3 + 3. Suppose 3*p - r = -i*p. What are the prime factors of p?
2, 17
Let j be (10 - (-100)/(-8))/(1/(-2)). Suppose 0 = -21*s + 20*s - 3*b + 73, j*s = 4*b + 327. List the prime factors of s.
67
Suppose -16*w = -9*w + 8379. Let x = w - -1738. What are the prime factors of x?
541
Suppose -351 = 5*n + 124. Let f = n + 64. Let r = -22 - f. List the prime factors of r.
3
Let m = -15 - -38. Suppose 0 = -2*r + 6*r - 4. What are the prime factors of 33 + r - (m + -20)?
31
Let l(r) = -87*r + 1679. List the prime factors of l(-18).
5, 11, 59
Suppose -3*z = 5*x - 141492, -5*x - 4*z + 7334 + 134157 = 0. List the prime factors of x.
3, 9433
Suppose -3*t - 2*n = 1, 5*t = 3*n - 10 + 2. What are the prime factors of t + 43 + (-12 - -8)?
2, 19
Suppose 45*v = 41*v - 25*v + 990350. List the prime factors of v.
2, 5, 683
Let x = -4317 + 3078. Let p = -809 - x. What are the prime factors of p?
2, 5, 43
Let z(n) = -9*n**3 - 2*n**2 - n - 10. Let x be z(4). What are the prime factors of (-3 + -2)*x/5?
2, 311
Suppose -2*l + 7*l = 2*h - 16, -l = -h + 2. What are the prime factors of ((-60)/5)/l + 357?
2, 3, 5
Let o be 8/(-20)*230/(-4). Suppose -f - 1 + 20 = -5*r, -5*r - o = -2*f. Suppose -6 - 64 = -3*y - f*u, -3*y = u - 58. What are the prime factors of y?
2, 3
Let l(b) = -b**2 - 14*b + 3. Let v be l(-9). Suppose -15*g + 11*g = v. List the prime factors of ((0 - 0) + 204)*(-4)/g.
2, 17
Suppose 653 = 2*p + 95. Suppose -2*v + p = -123. What are the prime factors of v?
3, 67
Suppose -886324 - 102093 - 265931 = -18*h. What are the prime factors of h?
2, 34843
Let q = -99 + 48. Let r = q - -47. What are the prime factors of r/((-4)/87) + 0?
3, 29
Let y(r) be the second derivative of r**3/3 + 25*r**2/2 + 2*r. Let b be y(0). Suppose -b = -k + 15. List the prime factors of k.
2, 5
Let s(r) = -15*r**3 - r**2 - 65*r + 50. What are the prime factors of s(-14)?
2, 47, 223
Let j(g) = 742*g**2 - 1481*g**2 - 24 + 750*g**2 - 5*g. What are the prime factors of j(12)?
2, 3, 5
Let b be (-325)/10*(-20)/25. Suppose -b + 36 = -m. Let d(g) = g**3 + 12*g**2 + 5*g - 5. List the prime factors of d(m).
5, 29
Let j(n) = -n**3 + 5*n**2 + 7*n + 13. Let o be j(6). Let g = 356 + o. List the prime factors of g.
3, 5
Let z(r) = 3276*r + 1083. List the prime factors of z(18).
3, 37, 541
Suppose -9542 = -0*k - 13*k. Let d = k - 403. List the prime factors of d.
331
Let r = 284 - -178. Suppose 4*f + 8 = 20, 0 = 2*s + 4*f - r. Let w = s - 130. What are the prime factors of w?
5, 19
Let n(h) = 240*h + 13. Let a be n(9). Let c = 3839 - a. What are the prime factors of c?
2, 7, 17
Let t(l) be the third derivative of -37*l**4/12 + 7*l**3/3 + 97*l**2. What are the prime factors of t(-15)?
2, 281
Suppose 0 = u - 2*u - 113. Let a be (-6)/(-14) + 912/(-21). Let x = a - u. List the prime factors of x.
2, 5, 7
Suppose -14*i + 9*i - 220 = 0. Let y = 249 - i. List the prime factors of y.
293
Let n = 126 + -122. Suppose 0 = n*s - 2*t - 928, 7 - 1 = 3*t. List the prime factors of s.
233
Let l = 6632 + -2194. Let f = -3166 + l. What are the prime factors of f?
2, 3, 53
Suppose 3*f + 10 = 3*r - 11, r = -5*f + 1. Let o be (-166)/(-6) - (-2)/r. What are the prime factors of 20*(o/20 + 3)?
2, 11
Suppose -6 + 10 = i. Suppose g + 45 = i*g. Suppose 3*r = g + 3. What are the prime factors of r?
2, 3
Suppose -i - 4009 = -u, -i + 10147 + 9904 = 5*u. What are the prime factors of u?
2, 5, 401
Suppose 46*h = 52*h - 306. Suppose -h - 1467 = -6*m. List the prime factors of m.
11, 23
Suppose 0 = -2320*i + 2329*i + 1 - 10. Let z(u) be the second derivative of 32*u**4/3 + u**3/2 - u. List the prime factors of z(i).
131
Let n(o) = -3*o**3 - 31*o**2 - 41*o - 770. What are the prime factors of n(-33)?
5, 11, 23, 59
Let g(y) = 9*y**3 + 4*y**3 - 14*y**3 - y + 16 - 6*y**2. Let u be g(-5). What are the prime factors of (-3 - u)/(-1) + 63?
2, 31
Suppose 14*y + 1056 = 17*y. Let d = y + -127. Let a = d + -6. What are the prime factors of a?
3, 73
Let h = -273 + 283. Suppose 5*d = h*d - 7675. List the prime factors of d.
5, 307
Suppose -2*f + 489*c + 14547 = 492*c, -3*c = 4*f - 29079. What are the prime factors of f?
2, 3, 7, 173
Suppose 25*i - 478951 + 145726 = 0. List the prime factors of i.
3, 1481
Let i = 11362 - 3210. List the prime factors of i.
2, 1019
Let w(v) = -54*v - 4. Let i(r) = -2*r**2 + 21*r - 13. Let m be i(10). Let n be w(m). Let z = n - 79. What are the prime factors of z?
79
Let k(c) = 301*c - 773. List the prime factors of k(4).
431
What are the prime factors of (-558940)/(-28) + 1/28*(23 + -27)?
2, 3, 1109
What are the prime factors of -1*(-3)/(-12) + (-284702)/(-88)?
5, 647
Let d(u) = 12*u - 20. Let n be d(-18). Let f = n + 452. List the prime factors of f.
2, 3
Suppose 33*p - 3*f = 28*p + 192194, 2*f - 230588 = -6*p. List the prime factors of p.
2, 11, 1747
Let b(n) = -990*n + 32. Let p(k) = -991*k + 33. Let y(f) = -3*b(f) + 2*p(f). What are the prime factors of y(1)?
2, 479
Let n = 130 + -14. Let o = n + 323. List the prime factors of o.
439
Suppose 2*f - f = -r + 1, 4*r + 20 = 4*f. Let b be 0/r*(-5 - (-32)/6). Suppose 2 = 2*d, b*d = -5*p + 5*d + 755. List the prime factors of p.
2, 19
Suppose -2*i - 4*v = -2444, 10*i - 5*i - 6155 = 5*v. Suppose -2*z + 4*z = -5*n + 2456, -z + n + i = 0. List the prime factors of z.
2, 307
Suppose -67*v + 1056605 = -12*v. List the prime factors of v.
19211
Let x(t) = t**3 + 57*t**2 - 233*t - 266. List the prime factors of x(-42).
2, 5, 7, 257
Let i = -264 + 748. Suppose 1166 + i = 6*u. Suppose -3*b = -5*t + 538, -3*t + u + 51 = -5*b. List the prime factors of t.
107
Let n(l) = 423*l**2 - 16*l - 66. What are the prime factors of n(-3)?
3, 421
Suppose 4*p + 3*p = -35. Let o be ((-981)/45)/(1/p) - -2. Let v = o - 62. List the prime factors of v.
7
Let q(s) be the first derivative of -s**4 - 3*s**2 + 2*s - 16. Let i be q(-3). Suppose 5*t - 127 - i = 0. List the prime factors of t.
3, 17
Let l = -18 + 18. Sup